6)?
-6
(-35 - -19) + 29 + 8 + -2
19
What is 91 - 62 - (42 - -3)?
-16
16 - ((2 - 11) + 13 - 20)
32
4 - (7 + -10) - (5 - 0) - 5
-3
What is -9 + -1 + 9 + (9 - 19)?
-11
What is the value of (-37 - -20 - -36) + -22?
-3
Evaluate ((-10 - -15) + 0 - 5) + -1.
-1
What is the value of (12 + 29 - 38) + 3?
6
What is -40 + 47 + (-10 - 0 - (8 - 11))?
0
(8 - (6 - 3)) + 8
13
What is the value of (5 - (-11 - -9)) + -10?
-3
What is -8 + -6 + 36 + (0 - 9)?
13
Evaluate -3 + 10 - (-4 + (-12 - -44)).
-21
Calculate (-81 - -92 - (-8 - 1)) + -12.
8
Calculate (-37 - -17 - -13) + 16.
9
-16 + 29 - 8 - (-7 - 0)
12
Evaluate 9 - (0 + -2) - -2 - (-2 - -4).
11
Calculate -11 + -11 + 36 + -11 - -9.
12
Evaluate -44 + (1 + 10 - (-64 + 62)).
-31
Evaluate -43 + -12 + 20 - -17.
-18
(20 - (12 - 2)) + -3
7
What is (-10 - -10) + -19 + 5?
-14
What is the value of -4 + -6 + 2 + (0 + 17 - 11)?
-2
What is the value of 2 - (24 + -15 + -16)?
9
Evaluate -11 + -14 + 6 - -3 - -6.
-10
What is the value of -20 + 4 + (-4 - 17 - -6)?
-31
Calculate 4 - ((52 - 19) + -11).
-18
What is the value of 2 + 23 + -1 - (4 + (-2 - 3))?
25
(5 - -2) + 505 + -492
20
-26 + -14 + (3 - -22)
-15
1 - (13 + 1 - (56 - 48))
-5
Calculate -4 - (1 + -5 + 4 + -16 + 0).
12
What is the value of 12 + (4 + 2 - 14) + 9?
13
Evaluate 4 + -2 + (3 - 9) + 3.
-1
Evaluate -19 - (0 - -2 - 39).
18
What is the value of -1 - -29 - ((-42 - -54) + (15 - 29))?
30
Calculate -12 - (-2 + 13 + -37).
14
What is the value of 1 + -6 + -1 + (2 - -2) + -11?
-13
Calculate -44 + 30 + 2 + (1 - 0).
-11
Calculate (6 - 11 - -10) + -2 + 3 + -21.
-15
Calculate -22 + (12 - (-1 + (4 + -6 - -10))).
-17
Evaluate (-12 - (-3 + 6)) + (-9 - -24).
0
(13 - 2) + 7 - (6 + (7 - 7))
12
What is the value of -5 - -22 - 11 - 3?
3
What is 8 + (-15 - (-2 + 1 - 5))?
-1
What is the value of 29 - (4 + 11 + -4)?
18
-30 - (-21 + 14 + (-3 - 2) + 6)
-24
What is the value of 7 + (-13 + 11 - 14)?
-9
Evaluate 6 - (-5 + 1 + (-3 - (13 - 31))).
-5
Evaluate 4 - (7 - -11) - -19.
5
10 + (-14 - -11) + -6 - (-1 - -8)
-6
What is 58 - 17 - 25 - (2 + 1 - 0)?
13
Evaluate 1 + 18 + -20 + 0 + -3 + 9.
5
Calculate -18 - -1 - (488 + -488).
-17
(16 - (8 + -3)) + -2
9
What is the value of -108 - -99 - ((0 - 0) + -3 + 6)?
-12
Calculate 6 + -1 + -1 + -9 + 4 + -3.
-4
What is the value of (-428 - -395) + -1 + 8 + 0?
-26
Calculate (12 - 4) + (-5 - -2).
5
What is the value of 27 - (11 - (-1 + 0))?
15
(-5 - -1) + 6 + -11 + -10 + 17
-2
What is (9 - 5) + -16 + (3 - 3)?
-12
What is 3 + (8 - (-8 + 26 + -5))?
-2
(-1 - 32) + (-7 - -3) + (23 - 15)
-29
What is -9 + 11 + -7 - (-1 - 2) - 15?
-17
-11 + 7 - (-8 + -5) - 3
6
Calculate 27 + (0 - -1) + (-17 - -39 - 22).
28
Evaluate 7 + 2 - ((8 - 9) + -6).
16
What is (5 - 2) + -10 - (22 - (-13 - -45))?
3
Calculate 40 - (1 - -92) - -43.
-10
Evaluate -30 + (4 - -20) - 18.
-24
Calculate 1 + -41 + (769 - 727).
2
Evaluate -1 - 0 - (3 + (2 - (-7 + 5))).
-8
What is 2 - (1 + 16 + 30 + -27)?
-18
(36 - (-30 - -36)) + -39
-9
Evaluate (-6 - 3 - (-13 - (-20 - -13))) + -14.
-17
-1 + (25 - 11 - 22 - 11)
-20
4 - (-43 + 41) - (-7 + (-2 - -2))
13
What is (-12 - (2 - (2 - -3))) + 7 + 21?
19
Calculate 4 + -6 + -16 - (-459 + 433).
8
What is (-10 + 20 - -4) + -13?
1
Calculate 1 + (-1 - 1 - -4) + 2 + -15.
-10
Calculate -6 + (4 - -2 - (3 + -2)) + -3.
-4
17 + (2 - 9) - (5 - 13)
18
What is -13 + (10 - (9 - (20 - 9)))?
-1
0 - 2 - -1 - (31 + -66 + 23)
11
Calculate -25 - -27 - 10 - -13.
5
Evaluate 2 + -5 + 1 + 6 + -1 - -8.
11
0 + 26 + (9 - 7 - 11) + 2
19
-8 + (-9 + (7 - 11) - -3)
-18
-4 - (-7 - -3) - 19
-19
What is -6 - 9 - -13 - (-4 - 4)?
6
-1 - 3 - ((-9 - 0) + 3 + 1)
1
Calculate (46 - 33 - 20) + -1 + 2 + 19.
13
What is (3 - 4 - -47) + 229 + -249?
26
(13 - (4 + 2)) + (7 - (-1 + 2))
13
Calculate 3 + 2 + -8 + (14 - 3) - 8.
0
What is 7 - (-19 - (-21 + 9 - -3))?
17
Calculate (-23 - -28) + -5 + 9.
9
What is (9 - -31) + -16 + -23?
1
30 + (-16 - -1) + -33
-18
Calculate (-2 - 0 - -17) + -1087 + 1083.
11
What is 0 + (2 + 0 - (3 - -7)) + 19?
11
What is 5 + (-7 - -3) + -3 + -16 + -7?
-25
Evaluate 0 - 1 - (2 + -8 + 12 + -10).
3
What is the value of 136 + -143 - (-8 + 0)?
1
-4 - (-1 + -3 + 8 + -11)
3
(302 - 290) + (-43 - 3)
-34
-2 - (-21 - -49) - -20 - (1 + -4)
-7
Evaluate 1 + -22 + 36 + -23.
-8
What is the value of 6 + (3 + 0 - (-4 - (4 + -17)))?
0
What is the value of -23 + 17 - (-8 + -1)?
3
Calculate -10 + 0 + (10 + -2 - 3) + -15.
-20
What is 30 + 1 + (-65 - -24)?
-10
-164 - -167 - (-15 - -1)
17
What is the value of 13 + (-14 - -2) - (-40 + 13)?
28
-258 + 241 + 12 + -4
-9
What is the value of -19 + 26 - 26 - -32?
13
What is the value of -1 - (2 - (2 + (-4 - -11)))?
6
What is (88 - 92) + (-15 - (-3 - -1))?
-17
What is -13 + 1 - (325 + -346) - -12?
21
What is (-12 - (2 - (-9 - -7 - -9))) + 4?
-3
Evaluate (1 - -13) + 2 + -1 + (38 - 40).
13
Evaluate (-23 - -6 - -10) + (10 - 1).
2
What is -60 + 60 - (6 + -3 - 3)?
0
What is (-52 - -18 - 14) + (17 - 2)?
-33
What is -5 - (-5 + 2 + 2) - (31 + -39)?
4
What is the value of (1 - (0 + -3)) + -2 - (1 + 5)?
-4
(10 + -4 - 4) + (-6 - 0) - 6
-10
Calculate -4 + 1 - (-3 + -1 + (22 - 19)).
-2
What is the value of 22 + (0 - 13) - 23?
-14
What is 12 + (0 - (2 - (-13 + 18 + -9)))?
6
Calculate 1 - (-28 + (4 - -5 - 3 - -3)).
20
Evaluate 7 - -1 - (-1 - -11 - 5).
3
Calculate 12 + -7 + 10 + -14 - -7.
8
What is the value of (-3 - -11) + -41 + 17?
-16
What is (-1 - (1 - 1)) + 1 + -10?
-10
-34 - (9 + -12) - (6 + -10) - -10
-17
What is the value of 12 + 7 + -6 - (-3 + 8)?
8
What is the value of (31 + -7 - 16) + 1?
9
Calculate -13 - ((-47 - -14) + 13).
7
What is -5 - (5 + (-14 - -1) - -2)?
1
Evaluate 87 + (-126 - -65) + -1 + 6.
31
Evaluate -23 + 13 + -5 - (-4 - 5).
-6
Calculate -655 + 657 + (11 - -1).
14
What is the value of (2 - (-6 - (-1 + -1))) + -6 - -1?
1
(7 - (15 + (3 - 9))) + 1 - 2
-3
-30 + 30 + (-1 - (3 - (-3 + 5)))
-2
Calculate 26 + -26 + (1 - 0) + 0 - -6.
7
What is the value of -1 + -3 + (14 - 20)?
-10
What is the value of (4 - 1) + -19 + 15 + 6?
5
What is -3 - (2 + (15 + -2 - -1))?
-19
What is -3 + 23 + -6 + -13?
1
Calculate 14 - (-34 + 42 - -22).
-16
Calculate -9 - -2 - (-14 - -29 - 14) - 7.
-15
Evaluate (13 - 13) + -2 - -10.
8
What is the value of -26 - -23 - (-2 + 3 + 3)?
-7
Calculate -2 - -2 - 0 - (357 + -360).
3
(7 - (-1 - 0)) + (-9 - 19) + 30
10
Calculate 1 + (51 - 54 - (2 - (2 - 0))).
-2
Calculate 5 + (-14 - -1) + 11 + 4.
7
-32 - -19 - (-12 - -1)
-2
Evaluate 2 + -6 + (-5 - -1 - -11).
3
Evaluate -4 + (-1 - 1) + 2.
-4
Calculate -12 + (39 + 18 - 28 - (-2 + 8)).
11
Calculate -51 - -35 - (-8 - 4).
-4
Calculate -22 - (15 - 33) - -6.
2
2 + (-8 - (-1 - 0) - 0) + 24
19
What is the value of 2 + 24 - (147 - 104)?
-17
Calculate (15 - (-3 + -2 - -15)) + -6.
-1
Evaluate (0 - -2) + (-771 - -759).
-10
Evaluate 1 + 1 + 28 - (11 + -1).
20
What is (5 - 1) + (9 - -7 - (-6 - -14))?
12
2 - -1 - (37 - 50 - -14)
2
What is the value of -5 + -1 - (6 + -20)?
8
-1 + 3 - (36 - 30)
-4
Calculate -2 - -11 - (7 - -4).
-2
What is the value of -11 + (7 - 19) + 3 + 23?
3
What is the value of -1 + (-1 - -3) + (-40 - (-48 - -14))?
-5
-31 + 19 + -4 + (0 - 3) + -2
-21
What is 0 + -6 + 22 + (-1 + -10 - 4)?
1
What is the value of -12 + 31 + -20 + 4 + (1 - -7)?
11
What is the value of -20 + -1 + (324 - 317) + 1 + -7?
-20
Calculate 7 + (8 - ((1 - 5) + 6)) + -3.
10
Calculate (-3 - (0 - (4 - 3 - 6))) + 4.
-4
Evaluate -17 + 8 + (-8 - (8 + -19) - 4).
-10
Calculate 0 + ((-2 - (8 - 6)) + -2 - -23).
17
4 + (10 + (-3 - 2) + 3 - 3)
9
(-17 + 5 - -17) + 5 - (-1 + -1)
12
Evaluate -3 + 0 + 21 + -8 + (-21 - 6).
-17
Calculate (1 - 4) + (22 - 29) + (-2 - -6).
-6
What is the value of -3 + (1 + -5 - -5) + 7 + 10?
15
Calculate -21 + 19 + (13 - 16).
-5
(-36 - -16) + 9 + 3
-8
What is the value of 14 - 2 - (9 - (6 - 4))?
5
What is (7 - (-13 - -29)) + (-1 - -20) - 7?
3
Evaluate -2 + (7 - -1) + 13 + -5.
14
What is -21 + (62 - 22) + -1?
18
What is the value of -3 + -4 - (14 - 16 - (-3 + 17))?
9
-3 - 5 - -9 - 4
-3
Calculate -9 - (17 - (10 + -10 - 11) - 7).
-30
Evaluate -13 - (-23 + (13 - 15)).
12
Calculate 22 - 35 - ((1 - 4) + (3 - 4)).
-9
What is the value of 8 + -20 + -5 + 15 - (-1 - -19)?
-20
Calculate (-391 - -402) + 2 + -45.
-32
Evaluate -119 + 108 + -3 + (1 + 0 - 6).
-19
What is -10 + -9 + (2 - 3 - (-4 + -2))?
-14
What is the value of 40 - 48 